{"id":24,"date":"2011-12-29T10:42:54","date_gmt":"2011-12-29T10:42:54","guid":{"rendered":"http:\/\/www.galeriemoniquevandooren.fr\/?page_id=24"},"modified":"2021-11-12T17:35:58","modified_gmt":"2021-11-12T17:35:58","slug":"lartiste","status":"publish","type":"page","link":"https:\/\/www.galeriemoniquevandooren.fr\/?page_id=24","title":{"rendered":"L&rsquo;Artiste"},"content":{"rendered":"<h4 style=\"text-align: center;\"><span style=\"color: #333300;\">Selon R Schumann : <\/span><\/h4>\n<h4 style=\"text-align: left;\"><em><span><span style=\"color: #333300;\">\u00a0\u00bb Le devoir de l&rsquo;artiste est d&rsquo;envoyer la lumi\u00e8re dans le c\u0153ur\u00a0de l&rsquo;homme\u00a0\u00bb.<\/span><\/span><\/em><\/h4>\n<h4 style=\"text-align: left;\"><em><span><span style=\"color: #333300;\">Je dirais que la lumi\u00e8re est d\u00e9j\u00e0 l\u00e0 dans le c\u0153ur\u00a0de l&rsquo;homme et qu&rsquo;un tableau parfois le lui rappelle. De l\u00e0 vient le coup de c\u0153ur \u00e9prouv\u00e9 devant une \u0153uvre\u00a0o\u00f9 l&rsquo;on s&rsquo;identifie.<\/span><\/span><\/em><\/h4>\n<h4 style=\"text-align: right;\"><span style=\"color: #000000;\"><span style=\"color: #ffff99;\">\u00a0\u00a0\u00a0\u00a0\u00a0\u00a0\u00a0\u00a0\u00a0\u00a0\u00a0\u00a0\u00a0\u00a0\u00a0\u00a0\u00a0\u00a0\u00a0\u00a0\u00a0\u00a0\u00a0\u00a0\u00a0\u00a0\u00a0\u00a0\u00a0\u00a0\u00a0\u00a0\u00a0\u00a0\u00a0\u00a0\u00a0\u00a0\u00a0\u00a0\u00a0\u00a0\u00a0\u00a0\u00a0\u00a0\u00a0\u00a0\u00a0\u00a0<\/span><\/span><span style=\"color: #000000;\">\u00a0<\/span><\/h4>\n<h4 style=\"text-align: left;\"><\/h4>\n<p style=\"text-align: left;\"><strong><span style=\"color: #333300;\">MES SUJETS D&rsquo;INSPIRATION :<\/span><\/strong><\/p>\n<p style=\"text-align: left;\"><span style=\"color: #333300;\"><em>La NATURE, \u00a0microcosme et macrocosme :\u00a0vous me voyez\u00a0tant\u00f4t tourn\u00e9e vers les \u00e9to\u00eeles tant\u00f4t grattant la terre car\u00a0j&rsquo;aime aussi le jardinage,<\/em><\/span><\/p>\n<p style=\"text-align: left;\"><span style=\"color: #333300;\"><em>Ma FAMILLE que j&rsquo;affectionne, et toute tendresse,<\/em><\/span><\/p>\n<p style=\"text-align: left;\"><span style=\"color: #333300;\"><em>La MUSIQUE dans sa diversit\u00e9\u00a0dont mon mari et mes enfants sont passionn\u00e9s.<\/em><\/span><\/p>\n<p style=\"text-align: left;\"><span style=\"color: #333300;\">\u00a0<\/span><\/p>\n<p style=\"text-align: left;\"><span style=\"color: #333300;\"><strong>QUANT A LA TECHNIQUE<\/strong> :<\/span><\/p>\n<p style=\"text-align: left;\"><span style=\"color: #333300;\"><em>Elle \u00e9volue : p<\/em><em>arfois je privil\u00e9gie la BROSSE qui se pr\u00eate \u00e0 la douceur,\u00a0 <\/em><em>parfois le COUTEAU qui accroche la lumi\u00e8re et donne plus de mati\u00e8re.<\/em><\/span><\/p>\n<p style=\"text-align: left;\"><em><span style=\"color: #333300;\">\u00a0<\/span><\/em><\/p>\n<p style=\"text-align: left;\"><strong><span style=\"color: #333300;\">MA PALETTE :<\/span><\/strong><\/p>\n<p style=\"text-align: left;\"><span style=\"color: #333300;\"><em>Elle se fait plus claire. <\/em><em>C&rsquo;est ainsi.. <\/em><em>Esquisse d&rsquo;un sourire&#8230;le temps marque une pause.<\/em><\/span><\/p>\n<h4 style=\"text-align: right;\">Monique Van Dooren<\/h4>\n<p style=\"text-align: right;\"><span style=\"color: #000000;\">\u00a0<\/span><\/p>\n<p style=\"text-align: center;\"><em>\u00a0\u00a0\u00a0\u00a0\u00a0\u00a0\u00a0\u00a0\u00a0\u00a0\u00a0\u00a0\u00a0\u00a0\u00a0\u00a0<\/em><\/p>\n<p style=\"text-align: center;\"><em><br \/>\n<a href=\"http:\/\/www.galeriemoniquevandooren.fr\/wp-content\/uploads\/2011\/12\/Sans-titre-2.jpg\">.<\/a>\u00a0\u00a0\u00a0\u00a0\u00a0\u00a0\u00a0\u00a0\u00a0\u00a0\u00a0\u00a0\u00a0\u00a0\u00a0\u00a0\u00a0\u00a0\u00a0\u00a0\u00a0\u00a0\u00a0\u00a0\u00a0\u00a0\u00a0\u00a0\u00a0\u00a0\u00a0\u00a0\u00a0\u00a0\u00a0\u00a0\u00a0\u00a0\u00a0\u00a0\u00a0\u00a0\u00a0\u00a0\u00a0\u00a0\u00a0\u00a0\u00a0\u00a0\u00a0\u00a0\u00a0\u00a0\u00a0\u00a0\u00a0\u00a0\u00a0\u00a0\u00a0\u00a0\u00a0\u00a0\u00a0\u00a0\u00a0\u00a0\u00a0\u00a0\u00a0\u00a0\u00a0\u00a0\u00a0\u00a0\u00a0\u00a0\u00a0\u00a0\u00a0\u00a0\u00a0\u00a0\u00a0\u00a0\u00a0\u00a0\u00a0\u00a0\u00a0\u00a0\u00a0\u00a0\u00a0\u00a0\u00a0\u00a0\u00a0\u00a0\u00a0\u00a0\u00a0\u00a0\u00a0\u00a0\u00a0\u00a0\u00a0\u00a0\u00a0\u00a0\u00a0\u00a0\u00a0\u00a0\u00a0\u00a0\u00a0\u00a0\u00a0\u00a0\u00a0\u00a0\u00a0\u00a0\u00a0\u00a0\u00a0\u00a0\u00a0\u00a0\u00a0\u00a0\u00a0\u00a0\u00a0\u00a0\u00a0\u00a0\u00a0\u00a0\u00a0\u00a0\u00a0\u00a0\u00a0\u00a0\u00a0\u00a0\u00a0\u00a0\u00a0\u00a0\u00a0\u00a0\u00a0\u00a0\u00a0\u00a0\u00a0\u00a0\u00a0\u00a0\u00a0\u00a0\u00a0\u00a0\u00a0\u00a0\u00a0\u00a0\u00a0\u00a0\u00a0\u00a0\u00a0\u00a0\u00a0\u00a0\u00a0\u00a0\u00a0\u00a0\u00a0\u00a0\u00a0\u00a0\u00a0\u00a0\u00a0\u00a0\u00a0\u00a0\u00a0\u00a0\u00a0\u00a0\u00a0\u00a0\u00a0\u00a0\u00a0\u00a0\u00a0\u00a0\u00a0\u00a0\u00a0\u00a0\u00a0\u00a0\u00a0\u00a0\u00a0\u00a0\u00a0\u00a0\u00a0\u00a0\u00a0\u00a0\u00a0\u00a0\u00a0\u00a0\u00a0\u00a0\u00a0\u00a0\u00a0\u00a0\u00a0\u00a0\u00a0\u00a0\u00a0\u00a0\u00a0\u00a0\u00a0\u00a0\u00a0\u00a0\u00a0\u00a0\u00a0\u00a0\u00a0\u00a0\u00a0\u00a0\u00a0\u00a0\u00a0\u00a0\u00a0\u00a0\u00a0\u00a0\u00a0\u00a0\u00a0\u00a0\u00a0\u00a0\u00a0\u00a0\u00a0\u00a0\u00a0\u00a0\u00a0\u00a0\u00a0\u00a0\u00a0\u00a0\u00a0\u00a0\u00a0\u00a0\u00a0\u00a0\u00a0\u00a0\u00a0\u00a0\u00a0\u00a0\u00a0\u00a0\u00a0\u00a0\u00a0\u00a0\u00a0\u00a0\u00a0\u00a0\u00a0\u00a0\u00a0\u00a0\u00a0\u00a0\u00a0\u00a0\u00a0\u00a0\u00a0\u00a0\u00a0\u00a0\u00a0\u00a0\u00a0\u00a0\u00a0\u00a0\u00a0\u00a0\u00a0\u00a0\u00a0\u00a0\u00a0\u00a0\u00a0\u00a0\u00a0\u00a0\u00a0\u00a0\u00a0\u00a0\u00a0\u00a0\u00a0\u00a0\u00a0\u00a0\u00a0\u00a0\u00a0\u00a0\u00a0\u00a0\u00a0\u00a0\u00a0\u00a0\u00a0\u00a0\u00a0\u00a0\u00a0\u00a0\u00a0\u00a0\u00a0\u00a0\u00a0\u00a0\u00a0\u00a0\u00a0\u00a0\u00a0\u00a0\u00a0\u00a0\u00a0\u00a0\u00a0\u00a0\u00a0\u00a0\u00a0\u00a0\u00a0\u00a0\u00a0\u00a0\u00a0\u00a0\u00a0\u00a0\u00a0\u00a0\u00a0\u00a0\u00a0\u00a0\u00a0\u00a0\u00a0\u00a0\u00a0\u00a0\u00a0\u00a0\u00a0\u00a0\u00a0\u00a0\u00a0\u00a0\u00a0\u00a0\u00a0\u00a0\u00a0\u00a0\u00a0\u00a0\u00a0\u00a0\u00a0\u00a0\u00a0\u00a0\u00a0\u00a0\u00a0\u00a0\u00a0\u00a0\u00a0\u00a0\u00a0\u00a0\u00a0\u00a0\u00a0\u00a0\u00a0\u00a0\u00a0\u00a0\u00a0\u00a0\u00a0\u00a0\u00a0\u00a0\u00a0\u00a0\u00a0\u00a0\u00a0\u00a0\u00a0\u00a0\u00a0\u00a0\u00a0\u00a0\u00a0\u00a0\u00a0\u00a0\u00a0\u00a0\u00a0\u00a0\u00a0\u00a0\u00a0\u00a0\u00a0\u00a0\u00a0\u00a0\u00a0\u00a0\u00a0\u00a0\u00a0\u00a0\u00a0\u00a0\u00a0\u00a0\u00a0\u00a0\u00a0\u00a0\u00a0\u00a0\u00a0\u00a0\u00a0\u00a0\u00a0\u00a0\u00a0\u00a0\u00a0\u00a0\u00a0\u00a0\u00a0\u00a0\u00a0\u00a0\u00a0\u00a0\u00a0\u00a0\u00a0\u00a0\u00a0\u00a0\u00a0\u00a0\u00a0\u00a0\u00a0\u00a0\u00a0\u00a0\u00a0\u00a0\u00a0\u00a0\u00a0\u00a0\u00a0\u00a0\u00a0\u00a0\u00a0\u00a0\u00a0\u00a0\u00a0<\/em><\/p>\n","protected":false},"excerpt":{"rendered":"<p>Selon R Schumann : \u00a0\u00bb Le devoir de l&rsquo;artiste est d&rsquo;envoyer la lumi\u00e8re dans le c\u0153ur\u00a0de l&rsquo;homme\u00a0\u00bb. Je dirais que la lumi\u00e8re est d\u00e9j\u00e0 l\u00e0 dans le c\u0153ur\u00a0de l&rsquo;homme et qu&rsquo;un tableau parfois le lui rappelle. De l\u00e0 vient le coup de c\u0153ur \u00e9prouv\u00e9 devant une \u0153uvre\u00a0o\u00f9 l&rsquo;on s&rsquo;identifie. \u00a0\u00a0\u00a0\u00a0\u00a0\u00a0\u00a0\u00a0\u00a0\u00a0\u00a0\u00a0\u00a0\u00a0\u00a0\u00a0\u00a0\u00a0\u00a0\u00a0\u00a0\u00a0\u00a0\u00a0\u00a0\u00a0\u00a0\u00a0\u00a0\u00a0\u00a0\u00a0\u00a0\u00a0\u00a0\u00a0\u00a0\u00a0\u00a0\u00a0\u00a0\u00a0\u00a0\u00a0\u00a0\u00a0\u00a0\u00a0\u00a0\u00a0\u00a0 MES SUJETS D&rsquo;INSPIRATION : La&hellip; <a class=\"more-link\" href=\"https:\/\/www.galeriemoniquevandooren.fr\/?page_id=24\">Poursuivre la lecture <span class=\"screen-reader-text\">L&rsquo;Artiste<\/span><\/a><\/p>\n","protected":false},"author":1,"featured_media":0,"parent":0,"menu_order":3,"comment_status":"closed","ping_status":"closed","template":"","meta":{"_monsterinsights_skip_tracking":false,"_monsterinsights_sitenote_active":false,"_monsterinsights_sitenote_note":"","_monsterinsights_sitenote_category":0,"footnotes":""},"class_list":["post-24","page","type-page","status-publish","hentry","entry"],"_links":{"self":[{"href":"https:\/\/www.galeriemoniquevandooren.fr\/index.php?rest_route=\/wp\/v2\/pages\/24","targetHints":{"allow":["GET"]}}],"collection":[{"href":"https:\/\/www.galeriemoniquevandooren.fr\/index.php?rest_route=\/wp\/v2\/pages"}],"about":[{"href":"https:\/\/www.galeriemoniquevandooren.fr\/index.php?rest_route=\/wp\/v2\/types\/page"}],"author":[{"embeddable":true,"href":"https:\/\/www.galeriemoniquevandooren.fr\/index.php?rest_route=\/wp\/v2\/users\/1"}],"replies":[{"embeddable":true,"href":"https:\/\/www.galeriemoniquevandooren.fr\/index.php?rest_route=%2Fwp%2Fv2%2Fcomments&post=24"}],"version-history":[{"count":27,"href":"https:\/\/www.galeriemoniquevandooren.fr\/index.php?rest_route=\/wp\/v2\/pages\/24\/revisions"}],"predecessor-version":[{"id":2444,"href":"https:\/\/www.galeriemoniquevandooren.fr\/index.php?rest_route=\/wp\/v2\/pages\/24\/revisions\/2444"}],"wp:attachment":[{"href":"https:\/\/www.galeriemoniquevandooren.fr\/index.php?rest_route=%2Fwp%2Fv2%2Fmedia&parent=24"}],"curies":[{"name":"wp","href":"https:\/\/api.w.org\/{rel}","templated":true}]}}